3
What is -5 (base 9) in base 8?
-5
Convert 49 (base 11) to base 3.
1222
Convert 6 (base 16) to base 5.
11
16 (base 16) to base 9
24
Convert -233 (base 4) to base 5.
-142
3 (base 7) to base 10
3
Convert 18 (base 9) to base 6.
25
What is 1003 (base 7) in base 6?
1334
What is 3 (base 6) in base 3?
10
Convert 11 (base 4) to base 12.
5
What is -21 (base 13) in base 10?
-27
Convert 3 (base 11) to base 10.
3
-a (base 11) to base 4
-22
4 (base 12) to base 6
4
What is -1 (base 10) in base 2?
-1
69 (base 15) to base 5
344
What is -47 (base 11) in base 7?
-102
What is 0 (base 11) in base 4?
0
0 (base 2) to base 16
0
-7 (base 14) to base 2
-111
Convert 1331 (base 5) to base 4.
3120
-2211 (base 3) to base 2
-1001100
What is -1b (base 15) in base 3?
-222
What is -255 (base 6) in base 13?
-83
Convert 1001101 (base 2) to base 15.
52
What is -14 (base 10) in base 13?
-11
Convert -4 (base 8) to base 3.
-11
Convert 20 (base 11) to base 10.
22
What is -102 (base 8) in base 3?
-2110
Convert 1 (base 6) to base 8.
1
What is 9 (base 13) in base 15?
9
-2120 (base 3) to base 16
-45
Convert -7 (base 14) to base 3.
-21
What is -8 (base 14) in base 13?
-8
321 (base 8) to base 7
416
What is 20 (base 7) in base 3?
112
Convert -7 (base 14) to base 3.
-21
1 (base 15) to base 7
1
47 (base 8) to base 14
2b
Convert 32 (base 4) to base 6.
22
What is -114 (base 9) in base 16?
-5e
Convert -5 (base 8) to base 10.
-5
What is 3 (base 5) in base 3?
10
-100 (base 3) to base 14
-9
What is 3 (base 4) in base 5?
3
-130 (base 6) to base 10
-54
21 (base 4) to base 16
9
0 (base 14) to base 8
0
-94 (base 13) to base 12
-a1
2 (base 14) to base 6
2
Convert -a4 (base 13) to base 8.
-206
-3 (base 13) to base 4
-3
-a9 (base 14) to base 2
-10010101
25 (base 9) to base 8
27
Convert 22 (base 8) to base 10.
18
20 (base 4) to base 7
11
What is 1133 (base 5) in base 15?
b3
1 (base 4) to base 9
1
What is -2 (base 4) in base 10?
-2
Convert -3 (base 14) to base 6.
-3
1 (base 7) to base 2
1
What is 1011110 (base 2) in base 9?
114
Convert -1 (base 5) to base 4.
-1
Convert 110 (base 2) to base 10.
6
What is 4 (base 11) in base 9?
4
-2 (base 3) to base 16
-2
What is -2 (base 8) in base 3?
-2
What is -2 (base 3) in base 14?
-2
Convert -10 (base 4) to base 11.
-4
-12 (base 16) to base 9
-20
What is -22 (base 10) in base 14?
-18
What is -1 (base 15) in base 14?
-1
2 (base 9) to base 3
2
-9 (base 16) to base 4
-21
What is -111001 (base 2) in base 5?
-212
What is 2 (base 13) in base 9?
2
What is 1 (base 8) in base 6?
1
21 (base 9) to base 6
31
What is -4c (base 13) in base 12?
-54
Convert -101 (base 2) to base 13.
-5
Convert -60 (base 11) to base 7.
-123
Convert -2 (base 5) to base 12.
-2
What is -232 (base 4) in base 15?
-31
Convert -2b (base 16) to base 7.
-61
Convert -2 (base 16) to base 9.
-2
Convert d (base 15) to base 11.
12
What is 3 (base 13) in base 6?
3
30 (base 15) to base 5
140
-67 (base 8) to base 3
-2001
Convert c (base 16) to base 7.
15
Convert -15 (base 9) to base 8.
-16
-540 (base 6) to base 2
-11001100
Convert -61 (base 10) to base 12.
-51
245 (base 9) to base 3
21112
What is 10 (base 9) in base 16?
9
What is 12 (base 6) in base 9?
8
Convert 11 (base 4) to base 7.
5
1011 (base 3) to base 12
27
2 (base 7) to base 6
2
Convert 30 (base 6) to base 14.
14
What is -3 (base 11) in base 9?
-3
Convert 11 (base 3) to base 4.
10
What is 13 (base 15) in base 3?
200
What is 221 (base 11) in base 7?
526
What is 59 (base 14) in base 9?
87
-9 (base 10) to base 5
-14
225 (base 8) to base 4
2111
Convert -70 (base 9) to base 10.
-63
Convert -114 (base 5) to base 14.
-26
-4 (base 8) to base 2
-100
What is 21 (base 11) in base 3?
212
Convert 12 (base 7) to base 3.
100
-28 (base 12) to base 15
-22
Convert -3 (base 15) to base 13.
-3
Convert 100 (base 3) to base 16.
9
Convert 1c (base 15) to base 11.
25
What is -21 (base 7) in base 11?
-14
What is 2020 (base 3) in base 9?
66
386 (base 9) to base 6
1253
Convert 54 (base 13) to base 15.
49
What is -7a (base 11) in base 14?
-63
-1351 (base 6) to base 13
-214
79 (base 12) to base 4
1131
-8 (base 14) to base 8
-10
What is 3b (base 12) in base 3?
1202
-4 (base 9) to base 8
-4
What is 1 (base 6) in base 8?
1
What is 0 (base 4) in base 3?
0
4 (base 11) to base 2
100
10 (base 3) to base 7
3
Convert -53 (base 7) to base 6.
-102
Convert -84 (base 15) to base 7.
-235
-4 (base 14) to base 4
-10
Convert 5 (base 15) to base 10.
5
What is 78 (base 10) in base 5?
303
-20 (base 11) to base 7
-31
-11000 (base 2) to base 7
-33
Convert -78 (base 16) to base 12.
-a0
What is -1001100 (base 2) in base 4?
-1030
5c (base 15) to base 7
153
What is -3 (base 11) in base 4?
-3
-d (base 15) to base 14
-d
4 (base 12) to base 9
4
What is -29 (base 12) in base 9?
-36
What is -4 (base 12) in base 14?
-4
What is -3 (base 10) in base 12?
-3
Convert -19 (base 15) to base 6.
-40
-100 (base 2) to base 14
-4
Convert 0 (base 10) to base 14.
0
-252 (base 7) to base 15
-90
-4 (base 7) to base 6
-4
What is 3 (base 16) in base 12?
3
-10 (base 5) to base 4
-11
What is 88 (base 11) in base 12?
80
What is -5 (base 11) in base 7?
-5
Convert 1 (base 6) to base 4.
1
Convert 4 (base 14) to base 3.
11
3 (base 4) to base 12
3
What is 52 (base 11) in base 10?
57
Convert 12 (base 5) to base 12.
7
Convert -101111 (base 2) to base 9.
-52
41 (base 10) to base 13
32
Convert 35 (base 10) to base 15.
25
What is -36 (base 16) in base 7?
-105
Convert -12 (base 3) to base 10.
-5
What is -1d (base 15) in base 11?
-26
-54 (base 11) to base 2
-111011
Convert 48 (base 9) to base 2.
101100
Convert 342 (base 5) to base 3.
10121
What is -41 (base 6) in base 5?
-100
-17 (base 12) to base 2
-10011
4 (base 14) to base 5
4
What is -3 (base 6) in base 13?
-3
-14 (base 6) to base 14
-a
3 (base 4) to base 13
3
6 (base 8) to base 15
6
1 (base 15) to base 11
1
-1303 (base 4) to base 16
-73
-1 (base 2) to base 16
-1
What is 80 (base 10) in base 12?
68
-6 (base 16) to base 9
-6
d (base 15) to base 16
d
What is 0 (base 15) in base 13?
0
111 (base 2) to base 4
13
Convert 2 (base 12) to base 9.
2
-3 (base 10) to base 11
-3
What is 15 (base 16) in base 5?
41
6 (base 10) to base 6
10
Convert -3 (base 4) to base 2.
-11
What is -2 (base 14) in base 12?
-2
1 (base 16) to base 11
1
3 (base 16) to base 12
3
Convert 41 (base 6) to base 15.
1a
f (base 16) to base 7
21
What is -10011 (base 2) in base 3?
-201
Convert 11 (base 5) to base 9.
6
What is 21 (base 5) in base 14?
b
What is -38 (base 14) in base 12?
-42
-3 (base 9) to base 6
-3
-30 (base 11) to base 12
-29
-1 (base 2) to base 4
-1
Convert -2 (base 3) to base 16.
-2
What is -3 (base 14) in base 5?
-3
What is -53 (base 7) in base 10?
-38
-1211 (base 3) to base 12
-41
Convert 432 (base 7) to base 16.
db
Convert -21 (base 3) to base 2.
-111
16a (base 13) to base 16
101
5 (base 13) to base 5
10
What is 3 (base 13) in base 14?
3
-100112 (base 3) to base 2
-100000001
-33 (base 6) to base 8
-25
What is 3 (base 8) in base 10?
3
What is 4 (base 14) in base 10?
4
Convert -202 (base 4) to base 8.
-42
135 (base 6) to base 5
214
Convert 166 (base 9) to base 7.
261
Convert -1223 (base 4) to base 9.
-128
9 (base 15) to base 4
21
What is 5 (base 11) in base 2?
101
What is -1155 (base 6) in base 3?
-101122
1220 (base 3) to base 7
102
13 (base 13) to base 7
22
What is 79 (base 11) in base 8?
126
What is 100222 (base 3) in base 13?
179
Convert 13 (base 9) to base 15.
c
What is -1230 (base 6) in base 5?
-2211
Convert -44 (base 10) to base 4.
-230
-2001 (base 3) to base 11
-50
What is 5 (base 8) in base 12?
5
What is 120 (base 3) in base 5?
30
What is 10 (base 4) in base 2?
100
What is -2 (base 12) in base 11?
-2
What is 7 (base 8) in base 15?
7
-2010 (base 3) to base 12
-49
Convert -14 (base 11) to base 6.
-23
6 (base 12) to base 5
11
Convert 15 (base 10) to base 4.
33
-72 (base 16) to base 7
-222
Convert 54 (base 8) to base 10.
44
Convert -1 (base 2) to base 16.
-1
Convert -5 (base 12) to base 16.
-5
Convert -3 (base 10) to base 2.
-11
105 (base 7) to base 14
3c
-3 (base 11) to base 10
-3
Convert 24 (base 8) to base 16.
14
What is 12 (base 6) in base 5?
13
What is 20 (base 3) in base 6?
10
Convert b (base 13) to base 3.
102
What is 2 (base 15) in base 13?
2
-12 (base 5) to base 9
-7
What is -76 (base 11) in base 8?
-123
W